{"id":546,"date":"2015-08-16T11:17:57","date_gmt":"2015-08-16T10:17:57","guid":{"rendered":"http:\/\/www.oeuvrequiparle.com\/decouverte\/?page_id=546"},"modified":"2015-08-16T11:18:45","modified_gmt":"2015-08-16T10:18:45","slug":"johannes-vermeer-la-jeune-fille-a-la-perle","status":"publish","type":"page","link":"https:\/\/www.oeuvrequiparle.com\/decouverte\/?page_id=546","title":{"rendered":"Johannes VERMEER &#8211; La jeune fille \u00e0 la perle"},"content":{"rendered":"<h1>Johannes VERMEER &#8211; La jeune fille \u00e0 la perle<\/h1>\n<p>Moins de trente tableaux de Vermeer nous sont parvenus et pourtant, ce peintre suscite un engouement durable. \u00ab\u00a0La jeune fille \u00e0 la perle\u00a0\u00bb m\u00e9ritait de figurer dans notre encyclop\u00e9die sonore de l&rsquo;histoire de l&rsquo;art.<\/p>\n<p>Am\u00e9lie Adamo vous propose ici de d\u00e9couvrir ce tableau : Pourquoi l&rsquo;oeuvre de Vermeer nous fascine-t-elle autant ?<\/p>\n<p style=\"text-align: center;\">Cliquer sur le bouton rouge pour lancer le commentaire audio.<\/p>\n\n<!-- iframe plugin v.4.8 wordpress.org\/plugins\/iframe\/ -->\n<iframe loading=\"lazy\" width=\"700\" height=\"650\" src=\"https:\/\/www.oeuvrequiparle.com\/MU1013\" scrolling=\"yes\" class=\"iframe-class\" frameborder=\"0\"><\/iframe>\n\n<p style=\"text-align: center;\"><span style=\"color: #ff0000;\"><a style=\"color: #ff0000;\" href=\"https:\/\/www.oeuvrequiparle.com\/MU1013\">Afficher en plein format<\/a><\/span><\/p>\n<p style=\"text-align: center;\"><a href=\"https:\/\/www.oeuvrequiparle.com\/decouverte\/?page_id=381\">Merci de r\u00e9agir apr\u00e8s l&rsquo;\u00e9coute : votre avis est important pour nous<\/a><\/p>\n<p><strong>Inscrivez-vous gratuitement \u00e0 l&rsquo;Encyclop\u00e9die sonore des Arts Visuels<\/strong><\/p>\n<p>Pour vous inscrire gratuitement \u00e0 l&rsquo;Encyclop\u00e9die sonore des Arts Visuels, merci de nous laisser votre Email dans le formulaire ci-dessous :<\/p>\n<p align=\"center\">\n<!-- iframe plugin v.4.8 wordpress.org\/plugins\/iframe\/ -->\n<iframe loading=\"lazy\" width=\"500\" height=\"120\" src=\"https:\/\/www.oeuvrequiparle.com\/decouverte\/forms\/form_decouverte_001.htm\" scrolling=\"yes\" class=\"iframe-class\" frameborder=\"0\"><\/iframe>\n<\/p>\n<p><b>Faites d\u00e9couvrir l&rsquo;Encyclop\u00e9die sonore des Arts Visuels \u00e0 vos amis<\/b><\/p>\n<p>Il vous suffit de saisir l&rsquo;Email de l&rsquo;une de vos connaissances pour lui envoyer une invitation \u00e0 d\u00e9couvrir l&rsquo;Encyclop\u00e9die des Arts Visuels. Aidez-nous \u00e0 faire progresser cette aventure passionnante.<\/p>\n<p align=\"center\">\n<!-- iframe plugin v.4.8 wordpress.org\/plugins\/iframe\/ -->\n<iframe loading=\"lazy\" width=\"500\" height=\"120\" src=\"https:\/\/www.oeuvrequiparle.com\/decouverte\/forms\/form_decouverte_002.htm\" scrolling=\"yes\" class=\"iframe-class\" frameborder=\"0\"><\/iframe>\n<\/p>\n<p><strong>Texte int\u00e9gral du commentaire, par Am\u00e9lie Adamo :<\/strong><\/p>\n<p>Johannes Vermeer, \u00ab\u00a0La jeune fille \u00e0 la perle\u00a0\u00bb<\/p>\n<p style=\"text-align: justify;\">N\u00e9 en 1632 et mort en 1675, Vermeer est l\u2019un des grands ma\u00eetres de la peinture de genre hollandaise. La forte fascination qu\u2019exerce sur nous Vermeer est en partie li\u00e9e au secret de sa biographie, tr\u00e8s peu d\u2019\u00e9l\u00e9ments sur sa vie sont connus, mais surtout \u00e0 la myst\u00e9rieuse beaut\u00e9 de ses \u0153uvres, dont seule une trentaine ne nous sont parvenues. D\u00e9peignant la <i>vie silencieuse<\/i>, ses tableaux sont comme des natures mortes. Les figures humaines s\u2019y donnent dans le silence intime d\u2019int\u00e9rieurs domestiques, attach\u00e9s \u00e0 des actes quotidiens toujours simples\u00a0: verser du lait, \u00e9crire ou lire une lettre, faire de la dentelle. Une simplicit\u00e9 pourtant emplie de beaut\u00e9 et de po\u00e9sie. C\u2019est l\u00e0 sans doute la magie de son r\u00e9alisme. Restreinte et harmonieuse, sa palette joue avec d\u00e9licatesse des correspondances chromatiques. Travaillant lentement et minutieusement, Vermeer \u00e9labore avec une pr\u00e9cision extr\u00eame le rendu des formes et des mati\u00e8res, captant comme nul autre les effets de lumi\u00e8re sur les tissus et\u00a0 les objets, sur les carnations ou les regards des personnages. Autant d\u2019\u00e9l\u00e9ments aux contours flous et adoucis qui apparaissent toujours baign\u00e9s dans une calme atmosph\u00e8re. Des lieux, des \u00eatres, qui s\u2019animent ainsi sous nos yeux, nous donnant \u00e0 sentir la beaut\u00e9 des petites choses, comme la chaleur d\u2019une \u00e9toffe soyeuse, la saveur de cuisines onctueuses, l\u2019\u00e9clat d\u2019une pupille myst\u00e9rieuse ou la douceur d\u2019une peau laiteuse.<\/p>\n<p style=\"text-align: justify;\">\u00ab\u00a0La jeune fille au turban\u00a0\u00bb (dite aussi \u00ab\u00a0Jeune fille \u00e0 la perle\u00a0\u00bb) fut probablement peinte par Vermeer vers 1665. L\u2019harmonie de ce portrait proc\u00e8de d\u2019une touchante simplicit\u00e9. Se d\u00e9tachant sur un fond sombre, la figure est trait\u00e9e par quelques \u00e9l\u00e9ments chromatiques qui s\u2019opposent et se r\u00e9pondent\u00a0: l\u00e0 le turban, m\u00e9lange d\u2019outremer et de blanc, est surmont\u00e9 d\u2019un tissu jaune \u00e9clatant ; ici la veste, d\u2019ocre clair, fait ressortir le blanc du col. L\u2019ensemble est allum\u00e9 par un savant jeu de lumi\u00e8re, ainsi de l\u2019\u00e9clat de la perle ou des grands yeux, ou encore de la clart\u00e9 de la peau ou des l\u00e8vres nacr\u00e9es l\u00e9g\u00e8rement rehauss\u00e9es de d\u00e9licates touches ros\u00e9es. Portrait ou figure d\u2019une id\u00e9ale beaut\u00e9, que certains nomment la \u00ab\u00a0Joconde du Nord\u00a0\u00bb, la jeune fille au turban garde son myst\u00e8re. Quel message secret ses l\u00e8vres entrouvertes nous d\u00e9livrent-elles\u00a0? Que dit son regard humide et songeur ? Que voit-il en nous\u00a0? Pourquoi sommes nous fascin\u00e9s par l\u2019\u00e9clat translucide de la perle pendue \u00e0 son oreille ? Que croit-on voir dans son reflet\u00a0? C\u2019est ce myst\u00e8re de la figure qui sans doute interpelle encore de nos jours. Car l\u2019\u0153uvre peinte par Vermeer continue d\u2019attirer les regards et de vivre \u00e0 travers l\u2019art contemporain, \u00e9veillant toujours l\u2019imaginaire de nouveaux cr\u00e9ateurs, tant en peinture, qu\u2019au cin\u00e9ma ou en litt\u00e9rature.<\/p>\n<div id=\"attachment_271\" style=\"width: 160px\" class=\"wp-caption aligncenter\"><a href=\"https:\/\/www.oeuvrequiparle.com\/decouverte\/wp-content\/uploads\/2013\/10\/Vermeer-800.jpeg\"><img loading=\"lazy\" decoding=\"async\" aria-describedby=\"caption-attachment-271\" class=\"size-thumbnail wp-image-271\" src=\"https:\/\/www.oeuvrequiparle.com\/decouverte\/wp-content\/uploads\/2013\/10\/Vermeer-800-150x150.jpeg\" alt=\"Vermeer - La jeune fille \u00e0 la perle\" width=\"150\" height=\"150\" \/><\/a><p id=\"caption-attachment-271\" class=\"wp-caption-text\">Vermeer &#8211; La jeune fille \u00e0 la perle<\/p><\/div>\n<p>&nbsp;<\/p>\n","protected":false},"excerpt":{"rendered":"<p>Johannes VERMEER &#8211; La jeune fille \u00e0 la perle Moins de trente tableaux de Vermeer nous sont parvenus et pourtant, ce peintre suscite un engouement durable. \u00ab\u00a0La jeune fille \u00e0 la perle\u00a0\u00bb m\u00e9ritait de figurer dans notre encyclop\u00e9die sonore de &hellip; <a href=\"https:\/\/www.oeuvrequiparle.com\/decouverte\/?page_id=546\">Continuer la lecture <span class=\"meta-nav\">&rarr;<\/span><\/a><\/p>\n","protected":false},"author":1,"featured_media":0,"parent":0,"menu_order":0,"comment_status":"open","ping_status":"open","template":"","meta":{"footnotes":""},"yoast_head":"<!-- This site is optimized with the Yoast SEO plugin v21.5 - https:\/\/yoast.com\/wordpress\/plugins\/seo\/ -->\n<title>Johannes VERMEER - La jeune fille \u00e0 la perle - L&#039;Encyclop\u00e9die sonore des Arts Visuels<\/title>\n<meta name=\"robots\" content=\"index, follow, max-snippet:-1, max-image-preview:large, max-video-preview:-1\" \/>\n<link rel=\"canonical\" href=\"https:\/\/www.oeuvrequiparle.com\/decouverte\/?page_id=546\" \/>\n<meta property=\"og:locale\" content=\"fr_FR\" \/>\n<meta property=\"og:type\" content=\"article\" \/>\n<meta property=\"og:title\" content=\"Johannes VERMEER - La jeune fille \u00e0 la perle - L&#039;Encyclop\u00e9die sonore des Arts Visuels\" \/>\n<meta property=\"og:description\" content=\"Johannes VERMEER &#8211; La jeune fille \u00e0 la perle Moins de trente tableaux de Vermeer nous sont parvenus et pourtant, ce peintre suscite un engouement durable. \u00ab\u00a0La jeune fille \u00e0 la perle\u00a0\u00bb m\u00e9ritait de figurer dans notre encyclop\u00e9die sonore de &hellip; Continuer la lecture &rarr;\" \/>\n<meta property=\"og:url\" content=\"https:\/\/www.oeuvrequiparle.com\/decouverte\/?page_id=546\" \/>\n<meta property=\"og:site_name\" content=\"L&#039;Encyclop\u00e9die sonore des Arts Visuels\" \/>\n<meta property=\"article:modified_time\" content=\"2015-08-16T10:18:45+00:00\" \/>\n<meta property=\"og:image\" content=\"https:\/\/www.oeuvrequiparle.com\/decouverte\/wp-content\/uploads\/2013\/10\/Vermeer-800-150x150.jpeg\" \/>\n<meta name=\"twitter:card\" content=\"summary_large_image\" \/>\n<meta name=\"twitter:label1\" content=\"Dur\u00e9e de lecture estim\u00e9e\" \/>\n\t<meta name=\"twitter:data1\" content=\"4 minutes\" \/>\n<script type=\"application\/ld+json\" class=\"yoast-schema-graph\">{\"@context\":\"https:\/\/schema.org\",\"@graph\":[{\"@type\":\"WebPage\",\"@id\":\"https:\/\/www.oeuvrequiparle.com\/decouverte\/?page_id=546\",\"url\":\"https:\/\/www.oeuvrequiparle.com\/decouverte\/?page_id=546\",\"name\":\"Johannes VERMEER - La jeune fille \u00e0 la perle - L&#039;Encyclop\u00e9die sonore des Arts Visuels\",\"isPartOf\":{\"@id\":\"https:\/\/www.oeuvrequiparle.com\/decouverte\/#website\"},\"datePublished\":\"2015-08-16T10:17:57+00:00\",\"dateModified\":\"2015-08-16T10:18:45+00:00\",\"breadcrumb\":{\"@id\":\"https:\/\/www.oeuvrequiparle.com\/decouverte\/?page_id=546#breadcrumb\"},\"inLanguage\":\"fr-FR\",\"potentialAction\":[{\"@type\":\"ReadAction\",\"target\":[\"https:\/\/www.oeuvrequiparle.com\/decouverte\/?page_id=546\"]}]},{\"@type\":\"BreadcrumbList\",\"@id\":\"https:\/\/www.oeuvrequiparle.com\/decouverte\/?page_id=546#breadcrumb\",\"itemListElement\":[{\"@type\":\"ListItem\",\"position\":1,\"name\":\"Home\",\"item\":\"https:\/\/www.oeuvrequiparle.com\/decouverte\/\"},{\"@type\":\"ListItem\",\"position\":2,\"name\":\"Johannes VERMEER &#8211; La jeune fille \u00e0 la perle\"}]},{\"@type\":\"WebSite\",\"@id\":\"https:\/\/www.oeuvrequiparle.com\/decouverte\/#website\",\"url\":\"https:\/\/www.oeuvrequiparle.com\/decouverte\/\",\"name\":\"L&#039;Encyclop\u00e9die sonore des Arts Visuels\",\"description\":\"Par Active-Art\",\"potentialAction\":[{\"@type\":\"SearchAction\",\"target\":{\"@type\":\"EntryPoint\",\"urlTemplate\":\"https:\/\/www.oeuvrequiparle.com\/decouverte\/?s={search_term_string}\"},\"query-input\":\"required name=search_term_string\"}],\"inLanguage\":\"fr-FR\"}]}<\/script>\n<!-- \/ Yoast SEO plugin. -->","yoast_head_json":{"title":"Johannes VERMEER - La jeune fille \u00e0 la perle - L&#039;Encyclop\u00e9die sonore des Arts Visuels","robots":{"index":"index","follow":"follow","max-snippet":"max-snippet:-1","max-image-preview":"max-image-preview:large","max-video-preview":"max-video-preview:-1"},"canonical":"https:\/\/www.oeuvrequiparle.com\/decouverte\/?page_id=546","og_locale":"fr_FR","og_type":"article","og_title":"Johannes VERMEER - La jeune fille \u00e0 la perle - L&#039;Encyclop\u00e9die sonore des Arts Visuels","og_description":"Johannes VERMEER &#8211; La jeune fille \u00e0 la perle Moins de trente tableaux de Vermeer nous sont parvenus et pourtant, ce peintre suscite un engouement durable. \u00ab\u00a0La jeune fille \u00e0 la perle\u00a0\u00bb m\u00e9ritait de figurer dans notre encyclop\u00e9die sonore de &hellip; Continuer la lecture &rarr;","og_url":"https:\/\/www.oeuvrequiparle.com\/decouverte\/?page_id=546","og_site_name":"L&#039;Encyclop\u00e9die sonore des Arts Visuels","article_modified_time":"2015-08-16T10:18:45+00:00","og_image":[{"url":"https:\/\/www.oeuvrequiparle.com\/decouverte\/wp-content\/uploads\/2013\/10\/Vermeer-800-150x150.jpeg"}],"twitter_card":"summary_large_image","twitter_misc":{"Dur\u00e9e de lecture estim\u00e9e":"4 minutes"},"schema":{"@context":"https:\/\/schema.org","@graph":[{"@type":"WebPage","@id":"https:\/\/www.oeuvrequiparle.com\/decouverte\/?page_id=546","url":"https:\/\/www.oeuvrequiparle.com\/decouverte\/?page_id=546","name":"Johannes VERMEER - La jeune fille \u00e0 la perle - L&#039;Encyclop\u00e9die sonore des Arts Visuels","isPartOf":{"@id":"https:\/\/www.oeuvrequiparle.com\/decouverte\/#website"},"datePublished":"2015-08-16T10:17:57+00:00","dateModified":"2015-08-16T10:18:45+00:00","breadcrumb":{"@id":"https:\/\/www.oeuvrequiparle.com\/decouverte\/?page_id=546#breadcrumb"},"inLanguage":"fr-FR","potentialAction":[{"@type":"ReadAction","target":["https:\/\/www.oeuvrequiparle.com\/decouverte\/?page_id=546"]}]},{"@type":"BreadcrumbList","@id":"https:\/\/www.oeuvrequiparle.com\/decouverte\/?page_id=546#breadcrumb","itemListElement":[{"@type":"ListItem","position":1,"name":"Home","item":"https:\/\/www.oeuvrequiparle.com\/decouverte\/"},{"@type":"ListItem","position":2,"name":"Johannes VERMEER &#8211; La jeune fille \u00e0 la perle"}]},{"@type":"WebSite","@id":"https:\/\/www.oeuvrequiparle.com\/decouverte\/#website","url":"https:\/\/www.oeuvrequiparle.com\/decouverte\/","name":"L&#039;Encyclop\u00e9die sonore des Arts Visuels","description":"Par Active-Art","potentialAction":[{"@type":"SearchAction","target":{"@type":"EntryPoint","urlTemplate":"https:\/\/www.oeuvrequiparle.com\/decouverte\/?s={search_term_string}"},"query-input":"required name=search_term_string"}],"inLanguage":"fr-FR"}]}},"_links":{"self":[{"href":"https:\/\/www.oeuvrequiparle.com\/decouverte\/index.php?rest_route=\/wp\/v2\/pages\/546"}],"collection":[{"href":"https:\/\/www.oeuvrequiparle.com\/decouverte\/index.php?rest_route=\/wp\/v2\/pages"}],"about":[{"href":"https:\/\/www.oeuvrequiparle.com\/decouverte\/index.php?rest_route=\/wp\/v2\/types\/page"}],"author":[{"embeddable":true,"href":"https:\/\/www.oeuvrequiparle.com\/decouverte\/index.php?rest_route=\/wp\/v2\/users\/1"}],"replies":[{"embeddable":true,"href":"https:\/\/www.oeuvrequiparle.com\/decouverte\/index.php?rest_route=%2Fwp%2Fv2%2Fcomments&post=546"}],"version-history":[{"count":2,"href":"https:\/\/www.oeuvrequiparle.com\/decouverte\/index.php?rest_route=\/wp\/v2\/pages\/546\/revisions"}],"predecessor-version":[{"id":548,"href":"https:\/\/www.oeuvrequiparle.com\/decouverte\/index.php?rest_route=\/wp\/v2\/pages\/546\/revisions\/548"}],"wp:attachment":[{"href":"https:\/\/www.oeuvrequiparle.com\/decouverte\/index.php?rest_route=%2Fwp%2Fv2%2Fmedia&parent=546"}],"curies":[{"name":"wp","href":"https:\/\/api.w.org\/{rel}","templated":true}]}}