{"id":549,"date":"2015-08-16T11:20:04","date_gmt":"2015-08-16T10:20:04","guid":{"rendered":"http:\/\/www.oeuvrequiparle.com\/decouverte\/?page_id=549"},"modified":"2015-08-16T20:23:22","modified_gmt":"2015-08-16T19:23:22","slug":"paul-cezanne-la-corbeille-de-pommes","status":"publish","type":"page","link":"https:\/\/www.oeuvrequiparle.com\/decouverte\/?page_id=549","title":{"rendered":"Paul C\u00c9ZANNE, La corbeille de pommes"},"content":{"rendered":"<h1 style=\"text-align: justify;\">Paul C\u00c9ZANNE, \u00ab\u00a0La corbeille de pommes\u00a0\u00bb<\/h1>\n<p style=\"text-align: justify;\">Paul C\u00e9zanne est un peintre qu&rsquo;on ne pr\u00e9sente plus et sa \u00ab\u00a0Corbeille de pommes\u00a0\u00bb illustre bien notre encyclop\u00e9die sonore des artistes majeurs de l&rsquo;histoire de l&rsquo;art.<\/p>\n<p>Lauranne Corneau vous propose ici de d\u00e9couvrir ce tableau :\u00a0Rien de plus banal en apparence que cette corbeille de pommes&#8230;<\/p>\n<p style=\"text-align: center;\">Cliquer sur le bouton rouge pour lancer le commentaire audio.<\/p>\n\n<!-- iframe plugin v.4.8 wordpress.org\/plugins\/iframe\/ -->\n<iframe loading=\"lazy\" width=\"650\" height=\"450\" src=\"https:\/\/www.oeuvrequiparle.com\/MU1016\" scrolling=\"yes\" class=\"iframe-class\" frameborder=\"0\"><\/iframe>\n\n<p style=\"text-align: center;\"><span style=\"color: #ff0000;\"><a style=\"color: #ff0000;\" href=\"https:\/\/www.oeuvrequiparle.com\/MU1016\">Afficher en plein format<\/a><\/span><\/p>\n<p style=\"text-align: center;\"><a href=\"https:\/\/www.oeuvrequiparle.com\/decouverte\/?page_id=381\">Merci de r\u00e9agir apr\u00e8s l&rsquo;\u00e9coute : votre avis est important pour nous<\/a><\/p>\n<p><strong>Inscrivez-vous gratuitement \u00e0 l&rsquo;Encyclop\u00e9die sonore des Arts Visuels<\/strong><\/p>\n<p>Pour vous inscrire gratuitement \u00e0 l&rsquo;Encyclop\u00e9die sonore des Arts Visuels, merci de nous laisser votre Email dans le formulaire ci-dessous :<\/p>\n<p align=\"center\">\n<!-- iframe plugin v.4.8 wordpress.org\/plugins\/iframe\/ -->\n<iframe loading=\"lazy\" width=\"500\" height=\"120\" src=\"https:\/\/www.oeuvrequiparle.com\/decouverte\/forms\/form_decouverte_001.htm\" scrolling=\"yes\" class=\"iframe-class\" frameborder=\"0\"><\/iframe>\n<\/p>\n<p><b>Faites d\u00e9couvrir l&rsquo;Encyclop\u00e9die sonore des Arts Visuels \u00e0 vos amis<\/b><\/p>\n<p>Il vous suffit de saisir l&rsquo;Email de l&rsquo;une de vos connaissances pour lui envoyer une invitation \u00e0 d\u00e9couvrir l&rsquo;Encyclop\u00e9die des Arts Visuels. Aidez-nous \u00e0 faire progresser cette aventure passionnante.<\/p>\n<p align=\"center\">\n<!-- iframe plugin v.4.8 wordpress.org\/plugins\/iframe\/ -->\n<iframe loading=\"lazy\" width=\"500\" height=\"120\" src=\"https:\/\/www.oeuvrequiparle.com\/decouverte\/forms\/form_decouverte_002.htm\" scrolling=\"yes\" class=\"iframe-class\" frameborder=\"0\"><\/iframe>\n<\/p>\n<p><strong>Texte int\u00e9gral du commentaire, par Lauranne Corneau :<\/strong><\/p>\n<p>Paul C\u00e9zanne, \u00ab\u00a0La corbeille de pommes\u00a0\u00bb<\/p>\n<p style=\"text-align: justify;\">Sur une table en bois, plac\u00e9e devant un mur gris-vert neutre, une bouteille dress\u00e9e, des biscuits pr\u00eats \u00e0 \u00eatre servis, des pommes. Des pommes s\u2019amoncelant dans un panier en d\u00e9s\u00e9quilibre, et des pommes ayant roul\u00e9 sur la nappe, n\u00e9gligemment dispos\u00e9e sur le bord de la table. Rien de plus banal que cette nature morte intitul\u00e9e La Corbeille de pommes, tout droit sortie du monde quotidien.\u2028Seulement voil\u00e0, il faut imaginer que le peintre aixois Paul C\u00e9zanne a pass\u00e9 plusieurs jours \u00e0 r\u00e9aliser cette image, pourtant pleine de simplicit\u00e9. C\u2019est dire l\u2019importance capitale que rev\u00eat ce motif pour lui. Sur un millier d\u2019oeuvres produites, les natures mortes ne repr\u00e9sentent pas moins du quart de sa production !<\/p>\n<p style=\"text-align: justify;\">Vous pouvez vous amuser \u00e0 compter le nombre de pommes pr\u00e9sentes au sein de la composition. Il y en a plus de trente ! La pomme, en r\u00e9alit\u00e9, est le fruit qui a la pr\u00e9f\u00e9rence de C\u00e9zanne. Il l\u2019a peinte tout au long de sa carri\u00e8re parce qu\u2019elle signifie beaucoup pour lui.\u2028La pomme est avant tout un souvenir d\u2019enfance, un pr\u00e9sent offert par son ami Emile Zola souhaitant exprimer sa reconnaissance envers le petit Paul qui l\u2019avait d\u00e9fendu des moqueries de ses vils camarades de classe.<\/p>\n<p style=\"text-align: justify;\">Ensuite, impossible d\u2019occulter la place hautement symbolique de ce fruit, qui hante l\u2019histoire depuis ses origines : fruit d\u00e9fendu du p\u00e9ch\u00e9 originel, fruit de la discorde ayant men\u00e9 \u00e0 la guerre de Troie : chaque fois, la pomme est li\u00e9e au th\u00e8me de la s\u00e9duction f\u00e9minine. Ceci n\u2019en demeure pas moins vrai pour Paul C\u00e9zanne qui, loin d\u2019\u00eatre un noceur inv\u00e9t\u00e9r\u00e9, entretient un rapport compliqu\u00e9 avec les femmes. Bien que mari\u00e9, \u00e0 contrec\u0153ur il faut dire, \u00e0 Hortense en 1886, il \u00e9prouve pour la gente f\u00e9minine une attirance teint\u00e9e d\u2019admiration, mais qui resteront distantes. La pomme serait \u00e0 cet \u00e9gard, gr\u00e2ce \u00e0 ses formes pleines et toutes en rondeur, le lieu d\u2019un transfert \u00e9rotique, au sens psychanalytique du terme. Notons \u00e9galement que, d\u2019un point de vue pictural, elle est plus int\u00e9ressante pour lui que l\u2019\u00eatre humain, puisque C\u00e9zanne demandait \u00e0 ses rares mod\u00e8les de se \u00ab tenir comme une pomme \u00bb !<\/p>\n<p style=\"text-align: justify;\">Enfin, la pomme est pour l\u2019artiste une m\u00e9taphore. Il r\u00e9alise cette oeuvre en 1893 : cela fait plus de trente ans qu\u2019il s\u2019est rendu \u00e0 Paris pour devenir artiste, retournant de temps \u00e0 autres se ressourcer dans sa Provence natale. La capitale est \u00e0 l\u2019\u00e9poque une v\u00e9ritable plaque tournante, un lieu d\u2019effervescence, l\u2019endroit o\u00f9 se font les r\u00e9putations. C\u00e9zanne rend ici hommage \u00e0 cette ville, qui tout \u00e0 la fois l\u2019attire et le d\u00e9\u00e7oit. La pomme est en effet un fruit \u00ab parisien \u00bb, robuste et charpent\u00e9, en comparaison \u00e0 la fragilit\u00e9 des fruits proven\u00e7aux. Elle incarne cette ville mieux qu\u2019un paysage ne saurait le faire. En outre, son prix est bas, et sa dur\u00e9e de vie assez longue, ce qui permet \u00e0 C\u00e9zanne d\u2019\u00e9chapper aux vicissitudes du recours au mod\u00e8le vivant, cher et non immobile. Dans ce contexte, la pomme s\u2019\u00e9rige aussi en arme et en provocation. C\u00e9zanne avait d\u00e9clar\u00e9 : \u00ab Je veux \u00e9tonner Paris avec une pomme \u00bb ! Ainsi, le choix d\u2019un motif aussi simple est pour lui l\u2019occasion d\u00e9guis\u00e9e de r\u00e9volutionner la peinture. Avez-vous remarqu\u00e9 la fa\u00e7on dont C\u00e9zanne a orchestr\u00e9 le r\u00e9el ? Le panier est en \u00e9quilibre instable sur un support, de mani\u00e8re \u00e0 rendre visible son contenu, les biscuits sont parfaitement dispos\u00e9s sur l\u2019assiette, elle-m\u00eame rehauss\u00e9 sur un livre, et les pommes se cachent parfois dans les plis cass\u00e9s d\u2019une nappe savamment dispos\u00e9e par la main de l\u2019artiste. Tout est construction, et pourtant C\u00e9zanne d\u00e9construit : la bouteille penche, et le bord de la table n\u2019est plus visible en partie gauche. L\u2019espace se redresse dangereusement, comme pour adh\u00e9rer \u00e0 la surface de la toile. L\u2019arrangement, donc, est double : il est mat\u00e9riel, puis mental. Car ce qui importe \u00e0 l\u2019artiste, alors en passe de conna\u00eetre la c\u00e9l\u00e9brit\u00e9, c\u2019est de transcender la r\u00e9alit\u00e9 par ce qu\u2019il nomme la \u00ab sensation \u00bb. La sensation qu\u2019il ressent face \u00e0 la nature est retranscrite dans l\u2019harmonie qui r\u00e8gne entre des couleurs vives (rouge, vert, jaune) et des formes g\u00e9om\u00e9triques fortes. Il eut \u00e0 ce propos des mots qui sont rest\u00e9s c\u00e9l\u00e8bres : \u00ab tout dans la nature se mod\u00e8le selon la sph\u00e8re, le c\u00f4ne et le cylindre \u00bb.<\/p>\n<p style=\"text-align: justify;\">\u00ab Ce fut comme si je recevais un coup \u00e0 l\u2019estomac \u00bb : le choc d\u00e9crit par le jeune marchand Ambroise Vollard fut tel qu\u2019il d\u00e9cida non seulement d\u2019acqu\u00e9rir cette oeuvre parmi d\u2019autres, mais surtout de propulser son artiste f\u00e9tiche sur le devant de la sc\u00e8ne gr\u00e2ce \u00e0 trois expositions monographiques. Et c\u2019est ainsi que, de fil en aiguille, Paul C\u00e9zanne, par son art de conjuguer au sein de la toile des points de vue contradictoires et de tout r\u00e9duire \u00e0 des formes g\u00e9om\u00e9triques simples, a pu jouir de mani\u00e8re posthume d\u2019une place capitale dans l\u2019histoire des avant-gardes, \u00e0 tel point que Picasso dira de lui : \u00ab il \u00e9tait comme notre p\u00e8re \u00e0 tous \u00bb&#8230;<\/p>\n<p>Lauranne CORNEAU<\/p>\n<div id=\"attachment_265\" style=\"width: 160px\" class=\"wp-caption aligncenter\"><a href=\"https:\/\/www.oeuvrequiparle.com\/decouverte\/wp-content\/uploads\/2013\/10\/33125.jpg\"><img loading=\"lazy\" decoding=\"async\" aria-describedby=\"caption-attachment-265\" class=\"size-thumbnail wp-image-265\" src=\"https:\/\/www.oeuvrequiparle.com\/decouverte\/wp-content\/uploads\/2013\/10\/33125-150x150.jpg\" alt=\"La corbeille de pommes\" width=\"150\" height=\"150\" \/><\/a><p id=\"caption-attachment-265\" class=\"wp-caption-text\">La corbeille de pommes<\/p><\/div>\n","protected":false},"excerpt":{"rendered":"<p>Paul C\u00c9ZANNE, \u00ab\u00a0La corbeille de pommes\u00a0\u00bb Paul C\u00e9zanne est un peintre qu&rsquo;on ne pr\u00e9sente plus et sa \u00ab\u00a0Corbeille de pommes\u00a0\u00bb illustre bien notre encyclop\u00e9die sonore des artistes majeurs de l&rsquo;histoire de l&rsquo;art. Lauranne Corneau vous propose ici de d\u00e9couvrir ce &hellip; <a href=\"https:\/\/www.oeuvrequiparle.com\/decouverte\/?page_id=549\">Continuer la lecture <span class=\"meta-nav\">&rarr;<\/span><\/a><\/p>\n","protected":false},"author":1,"featured_media":0,"parent":0,"menu_order":0,"comment_status":"open","ping_status":"open","template":"","meta":{"footnotes":""},"yoast_head":"<!-- This site is optimized with the Yoast SEO plugin v21.5 - https:\/\/yoast.com\/wordpress\/plugins\/seo\/ -->\n<title>Paul C\u00c9ZANNE, La corbeille de pommes - L&#039;Encyclop\u00e9die sonore des Arts Visuels<\/title>\n<meta name=\"robots\" content=\"index, follow, max-snippet:-1, max-image-preview:large, max-video-preview:-1\" \/>\n<link rel=\"canonical\" href=\"https:\/\/www.oeuvrequiparle.com\/decouverte\/?page_id=549\" \/>\n<meta property=\"og:locale\" content=\"fr_FR\" \/>\n<meta property=\"og:type\" content=\"article\" \/>\n<meta property=\"og:title\" content=\"Paul C\u00c9ZANNE, La corbeille de pommes - L&#039;Encyclop\u00e9die sonore des Arts Visuels\" \/>\n<meta property=\"og:description\" content=\"Paul C\u00c9ZANNE, \u00ab\u00a0La corbeille de pommes\u00a0\u00bb Paul C\u00e9zanne est un peintre qu&rsquo;on ne pr\u00e9sente plus et sa \u00ab\u00a0Corbeille de pommes\u00a0\u00bb illustre bien notre encyclop\u00e9die sonore des artistes majeurs de l&rsquo;histoire de l&rsquo;art. Lauranne Corneau vous propose ici de d\u00e9couvrir ce &hellip; Continuer la lecture &rarr;\" \/>\n<meta property=\"og:url\" content=\"https:\/\/www.oeuvrequiparle.com\/decouverte\/?page_id=549\" \/>\n<meta property=\"og:site_name\" content=\"L&#039;Encyclop\u00e9die sonore des Arts Visuels\" \/>\n<meta property=\"article:modified_time\" content=\"2015-08-16T19:23:22+00:00\" \/>\n<meta property=\"og:image\" content=\"https:\/\/www.oeuvrequiparle.com\/decouverte\/wp-content\/uploads\/2013\/10\/33125-150x150.jpg\" \/>\n<meta name=\"twitter:card\" content=\"summary_large_image\" \/>\n<meta name=\"twitter:label1\" content=\"Dur\u00e9e de lecture estim\u00e9e\" \/>\n\t<meta name=\"twitter:data1\" content=\"6 minutes\" \/>\n<script type=\"application\/ld+json\" class=\"yoast-schema-graph\">{\"@context\":\"https:\/\/schema.org\",\"@graph\":[{\"@type\":\"WebPage\",\"@id\":\"https:\/\/www.oeuvrequiparle.com\/decouverte\/?page_id=549\",\"url\":\"https:\/\/www.oeuvrequiparle.com\/decouverte\/?page_id=549\",\"name\":\"Paul C\u00c9ZANNE, La corbeille de pommes - L&#039;Encyclop\u00e9die sonore des Arts Visuels\",\"isPartOf\":{\"@id\":\"https:\/\/www.oeuvrequiparle.com\/decouverte\/#website\"},\"datePublished\":\"2015-08-16T10:20:04+00:00\",\"dateModified\":\"2015-08-16T19:23:22+00:00\",\"breadcrumb\":{\"@id\":\"https:\/\/www.oeuvrequiparle.com\/decouverte\/?page_id=549#breadcrumb\"},\"inLanguage\":\"fr-FR\",\"potentialAction\":[{\"@type\":\"ReadAction\",\"target\":[\"https:\/\/www.oeuvrequiparle.com\/decouverte\/?page_id=549\"]}]},{\"@type\":\"BreadcrumbList\",\"@id\":\"https:\/\/www.oeuvrequiparle.com\/decouverte\/?page_id=549#breadcrumb\",\"itemListElement\":[{\"@type\":\"ListItem\",\"position\":1,\"name\":\"Home\",\"item\":\"https:\/\/www.oeuvrequiparle.com\/decouverte\/\"},{\"@type\":\"ListItem\",\"position\":2,\"name\":\"Paul C\u00c9ZANNE, La corbeille de pommes\"}]},{\"@type\":\"WebSite\",\"@id\":\"https:\/\/www.oeuvrequiparle.com\/decouverte\/#website\",\"url\":\"https:\/\/www.oeuvrequiparle.com\/decouverte\/\",\"name\":\"L&#039;Encyclop\u00e9die sonore des Arts Visuels\",\"description\":\"Par Active-Art\",\"potentialAction\":[{\"@type\":\"SearchAction\",\"target\":{\"@type\":\"EntryPoint\",\"urlTemplate\":\"https:\/\/www.oeuvrequiparle.com\/decouverte\/?s={search_term_string}\"},\"query-input\":\"required name=search_term_string\"}],\"inLanguage\":\"fr-FR\"}]}<\/script>\n<!-- \/ Yoast SEO plugin. -->","yoast_head_json":{"title":"Paul C\u00c9ZANNE, La corbeille de pommes - L&#039;Encyclop\u00e9die sonore des Arts Visuels","robots":{"index":"index","follow":"follow","max-snippet":"max-snippet:-1","max-image-preview":"max-image-preview:large","max-video-preview":"max-video-preview:-1"},"canonical":"https:\/\/www.oeuvrequiparle.com\/decouverte\/?page_id=549","og_locale":"fr_FR","og_type":"article","og_title":"Paul C\u00c9ZANNE, La corbeille de pommes - L&#039;Encyclop\u00e9die sonore des Arts Visuels","og_description":"Paul C\u00c9ZANNE, \u00ab\u00a0La corbeille de pommes\u00a0\u00bb Paul C\u00e9zanne est un peintre qu&rsquo;on ne pr\u00e9sente plus et sa \u00ab\u00a0Corbeille de pommes\u00a0\u00bb illustre bien notre encyclop\u00e9die sonore des artistes majeurs de l&rsquo;histoire de l&rsquo;art. Lauranne Corneau vous propose ici de d\u00e9couvrir ce &hellip; Continuer la lecture &rarr;","og_url":"https:\/\/www.oeuvrequiparle.com\/decouverte\/?page_id=549","og_site_name":"L&#039;Encyclop\u00e9die sonore des Arts Visuels","article_modified_time":"2015-08-16T19:23:22+00:00","og_image":[{"url":"https:\/\/www.oeuvrequiparle.com\/decouverte\/wp-content\/uploads\/2013\/10\/33125-150x150.jpg"}],"twitter_card":"summary_large_image","twitter_misc":{"Dur\u00e9e de lecture estim\u00e9e":"6 minutes"},"schema":{"@context":"https:\/\/schema.org","@graph":[{"@type":"WebPage","@id":"https:\/\/www.oeuvrequiparle.com\/decouverte\/?page_id=549","url":"https:\/\/www.oeuvrequiparle.com\/decouverte\/?page_id=549","name":"Paul C\u00c9ZANNE, La corbeille de pommes - L&#039;Encyclop\u00e9die sonore des Arts Visuels","isPartOf":{"@id":"https:\/\/www.oeuvrequiparle.com\/decouverte\/#website"},"datePublished":"2015-08-16T10:20:04+00:00","dateModified":"2015-08-16T19:23:22+00:00","breadcrumb":{"@id":"https:\/\/www.oeuvrequiparle.com\/decouverte\/?page_id=549#breadcrumb"},"inLanguage":"fr-FR","potentialAction":[{"@type":"ReadAction","target":["https:\/\/www.oeuvrequiparle.com\/decouverte\/?page_id=549"]}]},{"@type":"BreadcrumbList","@id":"https:\/\/www.oeuvrequiparle.com\/decouverte\/?page_id=549#breadcrumb","itemListElement":[{"@type":"ListItem","position":1,"name":"Home","item":"https:\/\/www.oeuvrequiparle.com\/decouverte\/"},{"@type":"ListItem","position":2,"name":"Paul C\u00c9ZANNE, La corbeille de pommes"}]},{"@type":"WebSite","@id":"https:\/\/www.oeuvrequiparle.com\/decouverte\/#website","url":"https:\/\/www.oeuvrequiparle.com\/decouverte\/","name":"L&#039;Encyclop\u00e9die sonore des Arts Visuels","description":"Par Active-Art","potentialAction":[{"@type":"SearchAction","target":{"@type":"EntryPoint","urlTemplate":"https:\/\/www.oeuvrequiparle.com\/decouverte\/?s={search_term_string}"},"query-input":"required name=search_term_string"}],"inLanguage":"fr-FR"}]}},"_links":{"self":[{"href":"https:\/\/www.oeuvrequiparle.com\/decouverte\/index.php?rest_route=\/wp\/v2\/pages\/549"}],"collection":[{"href":"https:\/\/www.oeuvrequiparle.com\/decouverte\/index.php?rest_route=\/wp\/v2\/pages"}],"about":[{"href":"https:\/\/www.oeuvrequiparle.com\/decouverte\/index.php?rest_route=\/wp\/v2\/types\/page"}],"author":[{"embeddable":true,"href":"https:\/\/www.oeuvrequiparle.com\/decouverte\/index.php?rest_route=\/wp\/v2\/users\/1"}],"replies":[{"embeddable":true,"href":"https:\/\/www.oeuvrequiparle.com\/decouverte\/index.php?rest_route=%2Fwp%2Fv2%2Fcomments&post=549"}],"version-history":[{"count":4,"href":"https:\/\/www.oeuvrequiparle.com\/decouverte\/index.php?rest_route=\/wp\/v2\/pages\/549\/revisions"}],"predecessor-version":[{"id":687,"href":"https:\/\/www.oeuvrequiparle.com\/decouverte\/index.php?rest_route=\/wp\/v2\/pages\/549\/revisions\/687"}],"wp:attachment":[{"href":"https:\/\/www.oeuvrequiparle.com\/decouverte\/index.php?rest_route=%2Fwp%2Fv2%2Fmedia&parent=549"}],"curies":[{"name":"wp","href":"https:\/\/api.w.org\/{rel}","templated":true}]}}