{"id":563,"date":"2015-08-16T11:29:17","date_gmt":"2015-08-16T10:29:17","guid":{"rendered":"http:\/\/www.oeuvrequiparle.com\/decouverte\/?page_id=563"},"modified":"2015-08-16T11:29:17","modified_gmt":"2015-08-16T10:29:17","slug":"claude-monet","status":"publish","type":"page","link":"https:\/\/www.oeuvrequiparle.com\/decouverte\/?page_id=563","title":{"rendered":"Claude MONET"},"content":{"rendered":"<h1 style=\"text-align: justify;\">Claude MONET<\/h1>\n<p style=\"text-align: justify;\">\u00ab\u00a0Le Baiser\u00a0\u00bb d&rsquo;Auguste Rodin figure en bonne place dans notre encyclop\u00e9die sonore qui m\u00eale courants artistiques du XX\u00e8 si\u00e8cle, artistes majeurs de l&rsquo;histoire de l&rsquo;art, et artistes d&rsquo;aujourd&rsquo;hui que nous aimerions vous faire d\u00e9couvrir.<br \/>\nLauranne Corneau vous invite \u00e0 \u00e9couter cette expression la plus aboutie d&rsquo;un th\u00e8me \u00e9ternel et universel, l&rsquo;amour&#8230;<\/p>\n<p style=\"text-align: center;\">Cliquer sur le bouton rouge pour lancer le commentaire audio.<\/p>\n<p style=\"text-align: center;\">\n<!-- iframe plugin v.4.8 wordpress.org\/plugins\/iframe\/ -->\n<iframe loading=\"lazy\" width=\"700\" height=\"620\" src=\"https:\/\/www.oeuvrequiparle.com\/MU1008\" scrolling=\"yes\" class=\"iframe-class\" frameborder=\"0\"><\/iframe>\n<\/p>\n<p style=\"text-align: center;\"><span style=\"color: #ff0000;\"><a style=\"color: #ff0000;\" href=\"https:\/\/www.oeuvrequiparle.com\/MU1008\">Afficher en plein format<\/a><\/span><\/p>\n<p style=\"text-align: center;\"><a href=\"https:\/\/www.oeuvrequiparle.com\/decouverte\/?page_id=381\">Merci de r\u00e9agir apr\u00e8s l&rsquo;\u00e9coute : votre avis est important pour nous<\/a><\/p>\n<p><strong>Inscrivez-vous gratuitement \u00e0 l&rsquo;Encyclop\u00e9die sonore des Arts Visuels<\/strong><\/p>\n<p>Pour vous inscrire gratuitement \u00e0 l&rsquo;Encyclop\u00e9die sonore des Arts Visuels, merci de nous laisser votre Email dans le formulaire ci-dessous :<\/p>\n<p align=\"center\">\n<!-- iframe plugin v.4.8 wordpress.org\/plugins\/iframe\/ -->\n<iframe loading=\"lazy\" width=\"500\" height=\"100\" src=\"https:\/\/www.oeuvrequiparle.com\/decouverte\/forms\/form_decouverte_001.htm\" scrolling=\"yes\" class=\"iframe-class\" frameborder=\"0\"><\/iframe>\n<\/p>\n<h2><b>Faites d\u00e9couvrir l&rsquo;Encyclop\u00e9die sonore des Arts Visuels \u00e0 vos amis<\/b><\/h2>\n<p>Il vous suffit de saisir l&rsquo;Email de l&rsquo;une de vos connaissances pour lui envoyer une invitation \u00e0 d\u00e9couvrir l&rsquo;Encyclop\u00e9die des Arts Visuels. Aidez-nous \u00e0 faire progresser cette aventure passionnante.<\/p>\n<p align=\"center\">\n<!-- iframe plugin v.4.8 wordpress.org\/plugins\/iframe\/ -->\n<iframe loading=\"lazy\" width=\"500\" height=\"100\" src=\"https:\/\/www.oeuvrequiparle.com\/decouverte\/forms\/form_decouverte_002.htm\" scrolling=\"yes\" class=\"iframe-class\" frameborder=\"0\"><\/iframe>\n<\/p>\n<h2 style=\"text-align: justify;\"><strong>Texte int\u00e9gral du commentaire, par Marion Kling\u00a0:<\/strong><\/h2>\n<p><strong>Les Nymph\u00e9as de Monet<\/strong><\/p>\n<p style=\"text-align: justify;\">La peinture \u00e0 l\u2019huile que vous avez sous les yeux est l\u2019une des multiples repr\u00e9sentations du <em>Bassin aux nymph\u00e9as<\/em> que Monet r\u00e9alisa au cours des trente derni\u00e8res ann\u00e9es de sa vie, entre 1895 et 1926.<\/p>\n<p style=\"text-align: justify;\">Monet\u00a0a \u00e9t\u00e9 le chef de file du mouvement impressionniste, dont l\u2019appellation provient de son tableau, <em>Impression, soleil levant, <\/em>r\u00e9alis\u00e9 en 1872. Dans le sillage du fameux <em>D\u00e9jeuner sur l\u2019herbe<\/em> de Manet, pr\u00e9sent\u00e9 dix ans plus t\u00f4t, la toile de Monet fait scandale lors de la premi\u00e8re exposition du groupe impressionniste, en 1874. On reproche \u00e0 l\u2019artiste sa touche fragment\u00e9e, ses contrastes de couleurs violents et son dessin approximatif. En somme, un manque de r\u00e9alisme.<\/p>\n<p style=\"text-align: justify;\">Cette toile \u00e9chappe tout simplement aux conventions de l\u2019\u00e9poque.<\/p>\n<p style=\"text-align: justify;\">Monet, tout comme ses compagnons Pissarro, C\u00e9zanne ou Renoir, se lib\u00e8re des canons acad\u00e9miques et de la repr\u00e9sentation classique. Ses figures se r\u00e9duisent \u00e0 des silhouettes synth\u00e9tiques, souvent anecdotiques.<\/p>\n<p style=\"text-align: justify;\">L\u2019int\u00e9r\u00eat principal porte sur les sensations induites par la beaut\u00e9 du paysage. Initi\u00e9 par les peintres de l\u2019Ecole de Barbizon, le plein-airisme, ou \u00ab\u00a0peinture sur le motif\u00a0\u00bb, devient une constante chez les Impressionnistes\u00a0: ils quittent l\u2019atelier pour s\u2019installer en pleine nature avec chevalet, pinceaux et tubes de couleurs. La photographie, qui se d\u00e9veloppe \u00e0 cette \u00e9poque et n\u00e9cessite une grande spontan\u00e9it\u00e9 d\u2019ex\u00e9cution, marque alors son influence\u00a0: l\u2019objectif est de traduire l\u2019impression fugitive d\u2019une nature toujours changeante, tel un clich\u00e9 pris sur le vif.<\/p>\n<p style=\"text-align: justify;\">Afin de capter ces instants \u00e9ph\u00e9m\u00e8res, Monet peint le plus souvent en s\u00e9rie\u00a0: multipliant les versions d\u2019un m\u00eame motif, il peut en exprimer les variations atmosph\u00e9riques, suivant les saisons et les diff\u00e9rentes heures du jour. <em>Les Meules<\/em>, <em>Les Peupliers<\/em>, <em>La Cath\u00e9drale de Rouen<\/em>, ou <em>La gare Saint-Lazare<\/em>, constituent des th\u00e8mes privil\u00e9gi\u00e9s. La s\u00e9rie la plus illustre est sans doute celle des Nymph\u00e9as, qui regroupe environ 250 \u0153uvres.<\/p>\n<p>L\u2019artiste est alors install\u00e9 \u00e0 Giverny, en r\u00e9gion parisienne, o\u00f9 il passe les trente derni\u00e8res ann\u00e9es de sa vie. Il y cr\u00e9e un jardin paradisiaque, inspir\u00e9 des jardins japonais, avec pont et plantes aquatiques \u00e9voquant les estampes d\u2019Hokusai. L\u2019\u00e9tang et ses n\u00e9nuphars nacr\u00e9s deviennent la source d\u2019inspiration principale du peintre. Monet a toujours manifest\u00e9, du reste, une pr\u00e9dilection pour les sujets aquatiques\u00a0: on lui connait de nombreuses repr\u00e9sentations des bords de Seine \u00e0 Argenteuil, dans les ann\u00e9es 1870.<\/p>\n<p>Le peintre use d\u2019une touche \u00ab\u00a0divisionniste\u00a0\u00bb, qui consiste \u00e0 fragmenter la couleur en petites touches distinctes, juxtapos\u00e9es en aplat. Cette facture fr\u00e9missante permet de traduire le mouvement, les vibrations de l\u2019eau et les reflets lumineux. Monet ose \u00e9galement des ombres bleues, parfois nuanc\u00e9es de mauve, donnant un \u00e9clat plus intense \u00e0 la lumi\u00e8re. Souvent monumentales, les toiles repr\u00e9sentant le bassin aux nymph\u00e9as d\u00e9sorientent le spectateur\u00a0: la ligne d\u2019horizon n\u2019est plus\u00a0; les plantes sont \u00e0 peine reconnaissables.<\/p>\n<p>En r\u00e9alit\u00e9, le sujet importe moins que la mani\u00e8re de le repr\u00e9senter. On peut m\u00eame affirmer qu\u2019il tend \u00e0 dispara\u00eetre, et que Monet \u00e9volue vers l\u2019abstraction au profit de la peinture pure. La primaut\u00e9 est enfin donn\u00e9e \u00e0 l\u2019\u00e9motion personnelle, \u00e0 la subjectivit\u00e9 de l\u2019artiste.<\/p>\n<p>En cela, l\u2019\u0153uvre de Monet rev\u00eat une importance capitale dans l\u2019histoire de l\u2019art. Affranchie des normes acad\u00e9miques, elle a op\u00e9r\u00e9 une r\u00e9volution esth\u00e9tique sans pr\u00e9c\u00e9dent, et ouvert \u00e0 la modernit\u00e9. Son influence a franchi les fronti\u00e8res et les \u00e9poques, jusqu\u2019aux Expressionnistes abstraits am\u00e9ricains de l\u2019apr\u00e8s-guerre, et m\u00eame aux cr\u00e9ateurs actuels.<\/p>\n","protected":false},"excerpt":{"rendered":"<p>Claude MONET \u00ab\u00a0Le Baiser\u00a0\u00bb d&rsquo;Auguste Rodin figure en bonne place dans notre encyclop\u00e9die sonore qui m\u00eale courants artistiques du XX\u00e8 si\u00e8cle, artistes majeurs de l&rsquo;histoire de l&rsquo;art, et artistes d&rsquo;aujourd&rsquo;hui que nous aimerions vous faire d\u00e9couvrir. Lauranne Corneau vous invite &hellip; <a href=\"https:\/\/www.oeuvrequiparle.com\/decouverte\/?page_id=563\">Continuer la lecture <span class=\"meta-nav\">&rarr;<\/span><\/a><\/p>\n","protected":false},"author":1,"featured_media":0,"parent":0,"menu_order":0,"comment_status":"open","ping_status":"open","template":"","meta":{"footnotes":""},"yoast_head":"<!-- This site is optimized with the Yoast SEO plugin v21.5 - https:\/\/yoast.com\/wordpress\/plugins\/seo\/ -->\n<title>Claude MONET - L&#039;Encyclop\u00e9die sonore des Arts Visuels<\/title>\n<meta name=\"robots\" content=\"index, follow, max-snippet:-1, max-image-preview:large, max-video-preview:-1\" \/>\n<link rel=\"canonical\" href=\"https:\/\/www.oeuvrequiparle.com\/decouverte\/?page_id=563\" \/>\n<meta property=\"og:locale\" content=\"fr_FR\" \/>\n<meta property=\"og:type\" content=\"article\" \/>\n<meta property=\"og:title\" content=\"Claude MONET - L&#039;Encyclop\u00e9die sonore des Arts Visuels\" \/>\n<meta property=\"og:description\" content=\"Claude MONET \u00ab\u00a0Le Baiser\u00a0\u00bb d&rsquo;Auguste Rodin figure en bonne place dans notre encyclop\u00e9die sonore qui m\u00eale courants artistiques du XX\u00e8 si\u00e8cle, artistes majeurs de l&rsquo;histoire de l&rsquo;art, et artistes d&rsquo;aujourd&rsquo;hui que nous aimerions vous faire d\u00e9couvrir. Lauranne Corneau vous invite &hellip; Continuer la lecture &rarr;\" \/>\n<meta property=\"og:url\" content=\"https:\/\/www.oeuvrequiparle.com\/decouverte\/?page_id=563\" \/>\n<meta property=\"og:site_name\" content=\"L&#039;Encyclop\u00e9die sonore des Arts Visuels\" \/>\n<meta name=\"twitter:card\" content=\"summary_large_image\" \/>\n<meta name=\"twitter:label1\" content=\"Dur\u00e9e de lecture estim\u00e9e\" \/>\n\t<meta name=\"twitter:data1\" content=\"4 minutes\" \/>\n<script type=\"application\/ld+json\" class=\"yoast-schema-graph\">{\"@context\":\"https:\/\/schema.org\",\"@graph\":[{\"@type\":\"WebPage\",\"@id\":\"https:\/\/www.oeuvrequiparle.com\/decouverte\/?page_id=563\",\"url\":\"https:\/\/www.oeuvrequiparle.com\/decouverte\/?page_id=563\",\"name\":\"Claude MONET - L&#039;Encyclop\u00e9die sonore des Arts Visuels\",\"isPartOf\":{\"@id\":\"https:\/\/www.oeuvrequiparle.com\/decouverte\/#website\"},\"datePublished\":\"2015-08-16T10:29:17+00:00\",\"dateModified\":\"2015-08-16T10:29:17+00:00\",\"breadcrumb\":{\"@id\":\"https:\/\/www.oeuvrequiparle.com\/decouverte\/?page_id=563#breadcrumb\"},\"inLanguage\":\"fr-FR\",\"potentialAction\":[{\"@type\":\"ReadAction\",\"target\":[\"https:\/\/www.oeuvrequiparle.com\/decouverte\/?page_id=563\"]}]},{\"@type\":\"BreadcrumbList\",\"@id\":\"https:\/\/www.oeuvrequiparle.com\/decouverte\/?page_id=563#breadcrumb\",\"itemListElement\":[{\"@type\":\"ListItem\",\"position\":1,\"name\":\"Home\",\"item\":\"https:\/\/www.oeuvrequiparle.com\/decouverte\/\"},{\"@type\":\"ListItem\",\"position\":2,\"name\":\"Claude MONET\"}]},{\"@type\":\"WebSite\",\"@id\":\"https:\/\/www.oeuvrequiparle.com\/decouverte\/#website\",\"url\":\"https:\/\/www.oeuvrequiparle.com\/decouverte\/\",\"name\":\"L&#039;Encyclop\u00e9die sonore des Arts Visuels\",\"description\":\"Par Active-Art\",\"potentialAction\":[{\"@type\":\"SearchAction\",\"target\":{\"@type\":\"EntryPoint\",\"urlTemplate\":\"https:\/\/www.oeuvrequiparle.com\/decouverte\/?s={search_term_string}\"},\"query-input\":\"required name=search_term_string\"}],\"inLanguage\":\"fr-FR\"}]}<\/script>\n<!-- \/ Yoast SEO plugin. -->","yoast_head_json":{"title":"Claude MONET - L&#039;Encyclop\u00e9die sonore des Arts Visuels","robots":{"index":"index","follow":"follow","max-snippet":"max-snippet:-1","max-image-preview":"max-image-preview:large","max-video-preview":"max-video-preview:-1"},"canonical":"https:\/\/www.oeuvrequiparle.com\/decouverte\/?page_id=563","og_locale":"fr_FR","og_type":"article","og_title":"Claude MONET - L&#039;Encyclop\u00e9die sonore des Arts Visuels","og_description":"Claude MONET \u00ab\u00a0Le Baiser\u00a0\u00bb d&rsquo;Auguste Rodin figure en bonne place dans notre encyclop\u00e9die sonore qui m\u00eale courants artistiques du XX\u00e8 si\u00e8cle, artistes majeurs de l&rsquo;histoire de l&rsquo;art, et artistes d&rsquo;aujourd&rsquo;hui que nous aimerions vous faire d\u00e9couvrir. Lauranne Corneau vous invite &hellip; Continuer la lecture &rarr;","og_url":"https:\/\/www.oeuvrequiparle.com\/decouverte\/?page_id=563","og_site_name":"L&#039;Encyclop\u00e9die sonore des Arts Visuels","twitter_card":"summary_large_image","twitter_misc":{"Dur\u00e9e de lecture estim\u00e9e":"4 minutes"},"schema":{"@context":"https:\/\/schema.org","@graph":[{"@type":"WebPage","@id":"https:\/\/www.oeuvrequiparle.com\/decouverte\/?page_id=563","url":"https:\/\/www.oeuvrequiparle.com\/decouverte\/?page_id=563","name":"Claude MONET - L&#039;Encyclop\u00e9die sonore des Arts Visuels","isPartOf":{"@id":"https:\/\/www.oeuvrequiparle.com\/decouverte\/#website"},"datePublished":"2015-08-16T10:29:17+00:00","dateModified":"2015-08-16T10:29:17+00:00","breadcrumb":{"@id":"https:\/\/www.oeuvrequiparle.com\/decouverte\/?page_id=563#breadcrumb"},"inLanguage":"fr-FR","potentialAction":[{"@type":"ReadAction","target":["https:\/\/www.oeuvrequiparle.com\/decouverte\/?page_id=563"]}]},{"@type":"BreadcrumbList","@id":"https:\/\/www.oeuvrequiparle.com\/decouverte\/?page_id=563#breadcrumb","itemListElement":[{"@type":"ListItem","position":1,"name":"Home","item":"https:\/\/www.oeuvrequiparle.com\/decouverte\/"},{"@type":"ListItem","position":2,"name":"Claude MONET"}]},{"@type":"WebSite","@id":"https:\/\/www.oeuvrequiparle.com\/decouverte\/#website","url":"https:\/\/www.oeuvrequiparle.com\/decouverte\/","name":"L&#039;Encyclop\u00e9die sonore des Arts Visuels","description":"Par Active-Art","potentialAction":[{"@type":"SearchAction","target":{"@type":"EntryPoint","urlTemplate":"https:\/\/www.oeuvrequiparle.com\/decouverte\/?s={search_term_string}"},"query-input":"required name=search_term_string"}],"inLanguage":"fr-FR"}]}},"_links":{"self":[{"href":"https:\/\/www.oeuvrequiparle.com\/decouverte\/index.php?rest_route=\/wp\/v2\/pages\/563"}],"collection":[{"href":"https:\/\/www.oeuvrequiparle.com\/decouverte\/index.php?rest_route=\/wp\/v2\/pages"}],"about":[{"href":"https:\/\/www.oeuvrequiparle.com\/decouverte\/index.php?rest_route=\/wp\/v2\/types\/page"}],"author":[{"embeddable":true,"href":"https:\/\/www.oeuvrequiparle.com\/decouverte\/index.php?rest_route=\/wp\/v2\/users\/1"}],"replies":[{"embeddable":true,"href":"https:\/\/www.oeuvrequiparle.com\/decouverte\/index.php?rest_route=%2Fwp%2Fv2%2Fcomments&post=563"}],"version-history":[{"count":1,"href":"https:\/\/www.oeuvrequiparle.com\/decouverte\/index.php?rest_route=\/wp\/v2\/pages\/563\/revisions"}],"predecessor-version":[{"id":564,"href":"https:\/\/www.oeuvrequiparle.com\/decouverte\/index.php?rest_route=\/wp\/v2\/pages\/563\/revisions\/564"}],"wp:attachment":[{"href":"https:\/\/www.oeuvrequiparle.com\/decouverte\/index.php?rest_route=%2Fwp%2Fv2%2Fmedia&parent=563"}],"curies":[{"name":"wp","href":"https:\/\/api.w.org\/{rel}","templated":true}]}}