{"id":569,"date":"2015-08-16T11:36:11","date_gmt":"2015-08-16T10:36:11","guid":{"rendered":"http:\/\/www.oeuvrequiparle.com\/decouverte\/?page_id=569"},"modified":"2015-08-16T11:36:30","modified_gmt":"2015-08-16T10:36:30","slug":"musee-de-cluny-la-dame-a-la-licorne","status":"publish","type":"page","link":"https:\/\/www.oeuvrequiparle.com\/decouverte\/?page_id=569","title":{"rendered":"Mus\u00e9e de Cluny &#8211; La dame \u00e0 la licorne"},"content":{"rendered":"<h1 style=\"text-align: justify;\">Mus\u00e9e de Cluny &#8211; La dame \u00e0 la licorne<\/h1>\n<p style=\"text-align: justify;\">\u00ab\u00a0Le Baiser\u00a0\u00bb d&rsquo;Auguste Rodin figure en bonne place dans notre encyclop\u00e9die sonore qui m\u00eale courants artistiques du XX\u00e8 si\u00e8cle, artistes majeurs de l&rsquo;histoire de l&rsquo;art, et artistes d&rsquo;aujourd&rsquo;hui que nous aimerions vous faire d\u00e9couvrir.<br \/>\nLauranne Corneau vous invite \u00e0 \u00e9couter cette expression la plus aboutie d&rsquo;un th\u00e8me \u00e9ternel et universel, l&rsquo;amour&#8230;<\/p>\n<p style=\"text-align: center;\">Cliquer sur le bouton rouge pour lancer le commentaire audio.<\/p>\n<p style=\"text-align: center;\">\n<!-- iframe plugin v.4.8 wordpress.org\/plugins\/iframe\/ -->\n<iframe loading=\"lazy\" width=\"700\" height=\"620\" src=\"https:\/\/www.oeuvrequiparle.com\/MU1007\" scrolling=\"yes\" class=\"iframe-class\" frameborder=\"0\"><\/iframe>\n<\/p>\n<p style=\"text-align: center;\"><span style=\"color: #ff0000;\"><a style=\"color: #ff0000;\" href=\"https:\/\/www.oeuvrequiparle.com\/MU1007\">Afficher en plein format<\/a><\/span><\/p>\n<p style=\"text-align: center;\"><a href=\"https:\/\/www.oeuvrequiparle.com\/decouverte\/?page_id=381\">Merci de r\u00e9agir apr\u00e8s l&rsquo;\u00e9coute : votre avis est important pour nous<\/a><\/p>\n<p><strong>Inscrivez-vous gratuitement \u00e0 l&rsquo;Encyclop\u00e9die sonore des Arts Visuels<\/strong><\/p>\n<p>Pour vous inscrire gratuitement \u00e0 l&rsquo;Encyclop\u00e9die sonore des Arts Visuels, merci de nous laisser votre Email dans le formulaire ci-dessous :<\/p>\n<p align=\"center\">\n<!-- iframe plugin v.4.8 wordpress.org\/plugins\/iframe\/ -->\n<iframe loading=\"lazy\" width=\"500\" height=\"100\" src=\"https:\/\/www.oeuvrequiparle.com\/decouverte\/forms\/form_decouverte_001.htm\" scrolling=\"yes\" class=\"iframe-class\" frameborder=\"0\"><\/iframe>\n<\/p>\n<h2><b>Faites d\u00e9couvrir l&rsquo;Encyclop\u00e9die sonore des Arts Visuels \u00e0 vos amis<\/b><\/h2>\n<p>Il vous suffit de saisir l&rsquo;Email de l&rsquo;une de vos connaissances pour lui envoyer une invitation \u00e0 d\u00e9couvrir l&rsquo;Encyclop\u00e9die des Arts Visuels. Aidez-nous \u00e0 faire progresser cette aventure passionnante.<\/p>\n<p align=\"center\">\n<!-- iframe plugin v.4.8 wordpress.org\/plugins\/iframe\/ -->\n<iframe loading=\"lazy\" width=\"500\" height=\"100\" src=\"https:\/\/www.oeuvrequiparle.com\/decouverte\/forms\/form_decouverte_002.htm\" scrolling=\"yes\" class=\"iframe-class\" frameborder=\"0\"><\/iframe>\n<\/p>\n<h2 style=\"text-align: justify;\"><strong>Texte int\u00e9gral du commentaire, par Lauranne Corneau :<\/strong><\/h2>\n<p>Mus\u00e9e de Cluny &#8211; La dame \u00e0 la licorne<\/p>\n<p style=\"text-align: justify;\">\u00a0L\u2019\u0153uvre que vous admirez est une tenture fort c\u00e9l\u00e8bre, compos\u00e9e de 6 tapisseries conserv\u00e9es au Mus\u00e9e de Cluny. Elle est pr\u00e9sent\u00e9e dans une petite salle \u00e0 part, et assez sombre\u2026 ce qui augmente le myst\u00e8re dont joui cette \u0153uvre depuis son entr\u00e9e au mus\u00e9e, en 1883. Mais en quoi est-elle myst\u00e9rieuse\u00a0?<\/p>\n<p style=\"text-align: justify;\">Con\u00e7ue \u00e0 la fin du Moyen-\u00e2ge, aux alentours de 1500, la tenture rev\u00eatait plusieurs fonctions\u00a0: elle a d\u2019abord probablement \u00e9t\u00e9 offerte en cadeau aux propri\u00e9taires du ch\u00e2teau d\u2019Arcy, qu\u2019elle ornait. Outre ses atouts d\u00e9coratifs soulign\u00e9s par le fond \u00ab\u00a0mille fleurs\u00a0\u00bb &#8211; caract\u00e9ris\u00e9 par la pr\u00e9sence d\u2019une multitude d\u2019animaux, de fleurs et d\u2019arbres &#8211; elle servait aussi \u00e0 prot\u00e9ger du froid. Mais enfin, d\u00e9couverte par Prosper M\u00e9rim\u00e9e au ch\u00e2teau de Boussac dans la Creuse en 1841, elle surtout remarqu\u00e9e pour son iconographie qui a, depuis, fait couler beaucoup d\u2019encre\u2026<\/p>\n<p style=\"text-align: justify;\">Il est commun\u00e9ment admis que 5 des tapisseries repr\u00e9sentent les sens humains\u00a0: la vue, l\u2019ou\u00efe, le go\u00fbt, l\u2019odorat et le toucher. Une jeune femme blonde et mince, adoptant le canon de beaut\u00e9 de l\u2019\u00e9poque, se livre \u00e0 divers gestes all\u00e9goriques y ayant trait, en compagnie d\u2019animaux. Mais la 6<sup>e<\/sup> tapisserie, per\u00e7ue comme une conclusion, est plus sibylline\u00a0: la m\u00eame jeune femme blonde semble sortir d\u2019un coffret un bijou luxueux, devant un pavillon qui arbore la devise \u00ab\u00a0A mon seul d\u00e9sir\u00a0\u00bb &#8211; ce qui s\u2019accorde bien, au demeurant, avec la th\u00e9matique de la jouissance empirique. Toutefois, plusieurs indices h\u00e9raldiques et all\u00e9goriques nous permettent de mieux saisir le contexte de la commande de l\u2019\u0153uvre et d\u2019en faire d\u00e9couler un nouveau sens. Le blason parcourant la tapisserie\u00a0; le lion, symbole royal de domination\u00a0; et la licorne, symbole de chastet\u00e9, ne font aucun doute\u00a0: il s\u2019agit d\u2019une tapisserie c\u00e9l\u00e9brant le mariage d\u2019un Leviste, illustre famille dont les membres \u00e9taient investis de charges importantes dans l\u2019administration du roi Louis XI. Ainsi, sur la 6<sup>e<\/sup> pi\u00e8ce la jeune \u00e9pous\u00e9e, plut\u00f4t que de se parer d\u2019un bijou, est en train de s\u2019en d\u00e9pouiller, affirmant par sa seule volont\u00e9 la libert\u00e9 de refuser les passions li\u00e9es aux sens.<\/p>\n<p style=\"text-align: justify;\">Enfin, la v\u00e9rit\u00e9 semble bel et bien r\u00e9tablie. Et pourtant\u2026<\/p>\n<p style=\"text-align: justify;\">Regardez l\u2019\u0153uvre en profondeur, fouillez-la de l\u2019\u0153il, car vous n\u2019\u00eates pas au bout de vos surprises\u00a0! Aviez-vous remarqu\u00e9 les innombrables symboles amoureux qui pars\u00e8ment les tapisseries\u00a0?<\/p>\n<p style=\"text-align: justify;\">Certains de ses animaux ont une fonction morale, qui tant\u00f4t accuse l\u2019usage des sens (la nature sauvage non r\u00e9prim\u00e9e du singe, le discours rus\u00e9 du renard, l\u2019amour charnel du lapin), ou tant\u00f4t valorisent la temp\u00e9rance (l\u2019amour conquis des animaux \u00e0 colliers, ou la fid\u00e9lit\u00e9 du chien).<\/p>\n<p style=\"text-align: justify;\">En outre, l\u2019artiste a semble-t-il voulu mettre l\u2019accent sur le bonheur promis par l\u2019union conjugale, en r\u00e9conciliant des couples d\u2019animaux ennemis\u00a0; tels que le lapin et le lionceau, le renard et l\u2019agneau. Mais avez-vous not\u00e9 que les lances de combat sont lev\u00e9es, impliquant un combat imminent\u00a0? Il s\u2019agit d\u2019un iconographie fort r\u00e9pandue depuis le <span style=\"text-decoration: underline;\">Roman de la Rose<\/span>, sorte de bestseller m\u00e9di\u00e9val paru plus de 200 ans auparavant, et qui insiste sur la notion de conqu\u00eate comme pr\u00e9lude incontournable \u00e0 l\u2019\u00e9tat d\u2019amour. Ici, le jeune homme doit encore s\u00e9duire sa dame. Ayant ainsi plac\u00e9 la sc\u00e8ne dans un contexte purement amoureux, la devise \u00ab\u00a0A mon seul d\u00e9sir\u00a0\u00bb n\u2019aurait-elle pas, encore une fois, un autre sens, plus \u00e9rotique\u00a0cette fois ? En effet, il est possible de voir dans les formes ornant le pavillon des flammes, \u00e9voquant le feu ardent de la passion. La consommation du mariage n\u2019est-elle pas \u00e9voqu\u00e9e dans la confrontation du lion, symbole de l\u2019amour viril, et de la licorne, all\u00e9gorie de la puret\u00e9 et de la virginit\u00e9\u00a0? Ainsi, la dame ne se d\u00e9pouillerait pas simplement de ses biens mat\u00e9riels, mais bel et bien de toute sa parure, avant d\u2019entrer l\u00e0 o\u00f9 l\u2019attend l\u2019amant\u00a0: dans le pavillon, bien gard\u00e9 par le chien, symbole de fid\u00e9lit\u00e9 amoureuse et all\u00e9gorie des promesses formul\u00e9es lors du mariage.<\/p>\n<p style=\"text-align: justify;\">Nous voici donc face \u00e0 une tenture d\u2019apparence d\u00e9corative, et qui pourtant se pr\u00eate \u00e0 de multiples interpr\u00e9tations, ceci t\u00e9moignant aussi bien de la dext\u00e9rit\u00e9 des artistes qui l\u2019ont cr\u00e9\u00e9e que de l\u2019\u00e9rudition des commanditaires, et appuie ainsi la valeur de chef-d\u2019\u0153uvre qui lui est reconnue.<\/p>\n","protected":false},"excerpt":{"rendered":"<p>Mus\u00e9e de Cluny &#8211; La dame \u00e0 la licorne \u00ab\u00a0Le Baiser\u00a0\u00bb d&rsquo;Auguste Rodin figure en bonne place dans notre encyclop\u00e9die sonore qui m\u00eale courants artistiques du XX\u00e8 si\u00e8cle, artistes majeurs de l&rsquo;histoire de l&rsquo;art, et artistes d&rsquo;aujourd&rsquo;hui que nous aimerions &hellip; <a href=\"https:\/\/www.oeuvrequiparle.com\/decouverte\/?page_id=569\">Continuer la lecture <span class=\"meta-nav\">&rarr;<\/span><\/a><\/p>\n","protected":false},"author":1,"featured_media":0,"parent":0,"menu_order":0,"comment_status":"open","ping_status":"open","template":"","meta":{"footnotes":""},"yoast_head":"<!-- This site is optimized with the Yoast SEO plugin v21.5 - https:\/\/yoast.com\/wordpress\/plugins\/seo\/ -->\n<title>Mus\u00e9e de Cluny - La dame \u00e0 la licorne - L&#039;Encyclop\u00e9die sonore des Arts Visuels<\/title>\n<meta name=\"robots\" content=\"index, follow, max-snippet:-1, max-image-preview:large, max-video-preview:-1\" \/>\n<link rel=\"canonical\" href=\"https:\/\/www.oeuvrequiparle.com\/decouverte\/?page_id=569\" \/>\n<meta property=\"og:locale\" content=\"fr_FR\" \/>\n<meta property=\"og:type\" content=\"article\" \/>\n<meta property=\"og:title\" content=\"Mus\u00e9e de Cluny - La dame \u00e0 la licorne - L&#039;Encyclop\u00e9die sonore des Arts Visuels\" \/>\n<meta property=\"og:description\" content=\"Mus\u00e9e de Cluny &#8211; La dame \u00e0 la licorne \u00ab\u00a0Le Baiser\u00a0\u00bb d&rsquo;Auguste Rodin figure en bonne place dans notre encyclop\u00e9die sonore qui m\u00eale courants artistiques du XX\u00e8 si\u00e8cle, artistes majeurs de l&rsquo;histoire de l&rsquo;art, et artistes d&rsquo;aujourd&rsquo;hui que nous aimerions &hellip; Continuer la lecture &rarr;\" \/>\n<meta property=\"og:url\" content=\"https:\/\/www.oeuvrequiparle.com\/decouverte\/?page_id=569\" \/>\n<meta property=\"og:site_name\" content=\"L&#039;Encyclop\u00e9die sonore des Arts Visuels\" \/>\n<meta property=\"article:modified_time\" content=\"2015-08-16T10:36:30+00:00\" \/>\n<meta name=\"twitter:card\" content=\"summary_large_image\" \/>\n<meta name=\"twitter:label1\" content=\"Dur\u00e9e de lecture estim\u00e9e\" \/>\n\t<meta name=\"twitter:data1\" content=\"5 minutes\" \/>\n<script type=\"application\/ld+json\" class=\"yoast-schema-graph\">{\"@context\":\"https:\/\/schema.org\",\"@graph\":[{\"@type\":\"WebPage\",\"@id\":\"https:\/\/www.oeuvrequiparle.com\/decouverte\/?page_id=569\",\"url\":\"https:\/\/www.oeuvrequiparle.com\/decouverte\/?page_id=569\",\"name\":\"Mus\u00e9e de Cluny - La dame \u00e0 la licorne - L&#039;Encyclop\u00e9die sonore des Arts Visuels\",\"isPartOf\":{\"@id\":\"https:\/\/www.oeuvrequiparle.com\/decouverte\/#website\"},\"datePublished\":\"2015-08-16T10:36:11+00:00\",\"dateModified\":\"2015-08-16T10:36:30+00:00\",\"breadcrumb\":{\"@id\":\"https:\/\/www.oeuvrequiparle.com\/decouverte\/?page_id=569#breadcrumb\"},\"inLanguage\":\"fr-FR\",\"potentialAction\":[{\"@type\":\"ReadAction\",\"target\":[\"https:\/\/www.oeuvrequiparle.com\/decouverte\/?page_id=569\"]}]},{\"@type\":\"BreadcrumbList\",\"@id\":\"https:\/\/www.oeuvrequiparle.com\/decouverte\/?page_id=569#breadcrumb\",\"itemListElement\":[{\"@type\":\"ListItem\",\"position\":1,\"name\":\"Home\",\"item\":\"https:\/\/www.oeuvrequiparle.com\/decouverte\/\"},{\"@type\":\"ListItem\",\"position\":2,\"name\":\"Mus\u00e9e de Cluny &#8211; La dame \u00e0 la licorne\"}]},{\"@type\":\"WebSite\",\"@id\":\"https:\/\/www.oeuvrequiparle.com\/decouverte\/#website\",\"url\":\"https:\/\/www.oeuvrequiparle.com\/decouverte\/\",\"name\":\"L&#039;Encyclop\u00e9die sonore des Arts Visuels\",\"description\":\"Par Active-Art\",\"potentialAction\":[{\"@type\":\"SearchAction\",\"target\":{\"@type\":\"EntryPoint\",\"urlTemplate\":\"https:\/\/www.oeuvrequiparle.com\/decouverte\/?s={search_term_string}\"},\"query-input\":\"required name=search_term_string\"}],\"inLanguage\":\"fr-FR\"}]}<\/script>\n<!-- \/ Yoast SEO plugin. -->","yoast_head_json":{"title":"Mus\u00e9e de Cluny - La dame \u00e0 la licorne - L&#039;Encyclop\u00e9die sonore des Arts Visuels","robots":{"index":"index","follow":"follow","max-snippet":"max-snippet:-1","max-image-preview":"max-image-preview:large","max-video-preview":"max-video-preview:-1"},"canonical":"https:\/\/www.oeuvrequiparle.com\/decouverte\/?page_id=569","og_locale":"fr_FR","og_type":"article","og_title":"Mus\u00e9e de Cluny - La dame \u00e0 la licorne - L&#039;Encyclop\u00e9die sonore des Arts Visuels","og_description":"Mus\u00e9e de Cluny &#8211; La dame \u00e0 la licorne \u00ab\u00a0Le Baiser\u00a0\u00bb d&rsquo;Auguste Rodin figure en bonne place dans notre encyclop\u00e9die sonore qui m\u00eale courants artistiques du XX\u00e8 si\u00e8cle, artistes majeurs de l&rsquo;histoire de l&rsquo;art, et artistes d&rsquo;aujourd&rsquo;hui que nous aimerions &hellip; Continuer la lecture &rarr;","og_url":"https:\/\/www.oeuvrequiparle.com\/decouverte\/?page_id=569","og_site_name":"L&#039;Encyclop\u00e9die sonore des Arts Visuels","article_modified_time":"2015-08-16T10:36:30+00:00","twitter_card":"summary_large_image","twitter_misc":{"Dur\u00e9e de lecture estim\u00e9e":"5 minutes"},"schema":{"@context":"https:\/\/schema.org","@graph":[{"@type":"WebPage","@id":"https:\/\/www.oeuvrequiparle.com\/decouverte\/?page_id=569","url":"https:\/\/www.oeuvrequiparle.com\/decouverte\/?page_id=569","name":"Mus\u00e9e de Cluny - La dame \u00e0 la licorne - L&#039;Encyclop\u00e9die sonore des Arts Visuels","isPartOf":{"@id":"https:\/\/www.oeuvrequiparle.com\/decouverte\/#website"},"datePublished":"2015-08-16T10:36:11+00:00","dateModified":"2015-08-16T10:36:30+00:00","breadcrumb":{"@id":"https:\/\/www.oeuvrequiparle.com\/decouverte\/?page_id=569#breadcrumb"},"inLanguage":"fr-FR","potentialAction":[{"@type":"ReadAction","target":["https:\/\/www.oeuvrequiparle.com\/decouverte\/?page_id=569"]}]},{"@type":"BreadcrumbList","@id":"https:\/\/www.oeuvrequiparle.com\/decouverte\/?page_id=569#breadcrumb","itemListElement":[{"@type":"ListItem","position":1,"name":"Home","item":"https:\/\/www.oeuvrequiparle.com\/decouverte\/"},{"@type":"ListItem","position":2,"name":"Mus\u00e9e de Cluny &#8211; La dame \u00e0 la licorne"}]},{"@type":"WebSite","@id":"https:\/\/www.oeuvrequiparle.com\/decouverte\/#website","url":"https:\/\/www.oeuvrequiparle.com\/decouverte\/","name":"L&#039;Encyclop\u00e9die sonore des Arts Visuels","description":"Par Active-Art","potentialAction":[{"@type":"SearchAction","target":{"@type":"EntryPoint","urlTemplate":"https:\/\/www.oeuvrequiparle.com\/decouverte\/?s={search_term_string}"},"query-input":"required name=search_term_string"}],"inLanguage":"fr-FR"}]}},"_links":{"self":[{"href":"https:\/\/www.oeuvrequiparle.com\/decouverte\/index.php?rest_route=\/wp\/v2\/pages\/569"}],"collection":[{"href":"https:\/\/www.oeuvrequiparle.com\/decouverte\/index.php?rest_route=\/wp\/v2\/pages"}],"about":[{"href":"https:\/\/www.oeuvrequiparle.com\/decouverte\/index.php?rest_route=\/wp\/v2\/types\/page"}],"author":[{"embeddable":true,"href":"https:\/\/www.oeuvrequiparle.com\/decouverte\/index.php?rest_route=\/wp\/v2\/users\/1"}],"replies":[{"embeddable":true,"href":"https:\/\/www.oeuvrequiparle.com\/decouverte\/index.php?rest_route=%2Fwp%2Fv2%2Fcomments&post=569"}],"version-history":[{"count":1,"href":"https:\/\/www.oeuvrequiparle.com\/decouverte\/index.php?rest_route=\/wp\/v2\/pages\/569\/revisions"}],"predecessor-version":[{"id":570,"href":"https:\/\/www.oeuvrequiparle.com\/decouverte\/index.php?rest_route=\/wp\/v2\/pages\/569\/revisions\/570"}],"wp:attachment":[{"href":"https:\/\/www.oeuvrequiparle.com\/decouverte\/index.php?rest_route=%2Fwp%2Fv2%2Fmedia&parent=569"}],"curies":[{"name":"wp","href":"https:\/\/api.w.org\/{rel}","templated":true}]}}