{"id":717,"date":"2015-09-10T20:00:56","date_gmt":"2015-09-10T19:00:56","guid":{"rendered":"http:\/\/www.oeuvrequiparle.com\/decouverte\/?page_id=717"},"modified":"2015-09-10T20:00:56","modified_gmt":"2015-09-10T19:00:56","slug":"a290-figural-imaginaire-visionnaire-mediumnique-fantasmatique","status":"publish","type":"page","link":"https:\/\/www.oeuvrequiparle.com\/decouverte\/?page_id=717","title":{"rendered":"A290 : Figural imaginaire, Visionnaire, m\u00e9diumnique, fantasmatique"},"content":{"rendered":"<h3><strong>A290 : Figural imaginaire, Visionnaire, m\u00e9diumnique, fantasmatique<\/strong><\/h3>\n<h3><strong><span style=\"color: #ffffff;\">\u00a0 \u00a0. \u00a0<\/span><\/strong><\/h3>\n\n<!-- iframe plugin v.4.8 wordpress.org\/plugins\/iframe\/ -->\n<iframe loading=\"lazy\" width=\"690\" height=\"230\" src=\"https:\/\/www.oeuvrequiparle.com\/VA0290\" scrolling=\"yes\" class=\"iframe-class\" frameborder=\"0\"><\/iframe>\n\n<p>les monstres ou les cr\u00e9atures du sommeil se concr\u00e9tisent dans un formalisme plus r\u00e9aliste qu\u2019en A280 (Matta, Max Ernst, Gustave Moreau, Paul Delvaux, Dado, Vito Tangiani, \u2026 ou les \u00ab\u00a0Fictionnistes\u00a0\u00bb r\u00e9cents ; Marko Mori, \u2026)\u00a0par Lauranne Corneau.<\/p>\n","protected":false},"excerpt":{"rendered":"<p>A290 : Figural imaginaire, Visionnaire, m\u00e9diumnique, fantasmatique \u00a0 \u00a0. \u00a0 les monstres ou les cr\u00e9atures du sommeil se concr\u00e9tisent dans un formalisme plus r\u00e9aliste qu\u2019en A280 (Matta, Max Ernst, Gustave Moreau, Paul Delvaux, Dado, Vito Tangiani, \u2026 ou les \u00ab\u00a0Fictionnistes\u00a0\u00bb &hellip; <a href=\"https:\/\/www.oeuvrequiparle.com\/decouverte\/?page_id=717\">Continuer la lecture <span class=\"meta-nav\">&rarr;<\/span><\/a><\/p>\n","protected":false},"author":1,"featured_media":0,"parent":0,"menu_order":0,"comment_status":"open","ping_status":"open","template":"","meta":{"footnotes":""},"yoast_head":"<!-- This site is optimized with the Yoast SEO plugin v21.5 - https:\/\/yoast.com\/wordpress\/plugins\/seo\/ -->\n<title>A290 : Figural imaginaire, Visionnaire, m\u00e9diumnique, fantasmatique - L&#039;Encyclop\u00e9die sonore des Arts Visuels<\/title>\n<meta name=\"robots\" content=\"index, follow, max-snippet:-1, max-image-preview:large, max-video-preview:-1\" \/>\n<link rel=\"canonical\" href=\"https:\/\/www.oeuvrequiparle.com\/decouverte\/?page_id=717\" \/>\n<meta property=\"og:locale\" content=\"fr_FR\" \/>\n<meta property=\"og:type\" content=\"article\" \/>\n<meta property=\"og:title\" content=\"A290 : Figural imaginaire, Visionnaire, m\u00e9diumnique, fantasmatique - L&#039;Encyclop\u00e9die sonore des Arts Visuels\" \/>\n<meta property=\"og:description\" content=\"A290 : Figural imaginaire, Visionnaire, m\u00e9diumnique, fantasmatique \u00a0 \u00a0. \u00a0 les monstres ou les cr\u00e9atures du sommeil se concr\u00e9tisent dans un formalisme plus r\u00e9aliste qu\u2019en A280 (Matta, Max Ernst, Gustave Moreau, Paul Delvaux, Dado, Vito Tangiani, \u2026 ou les \u00ab\u00a0Fictionnistes\u00a0\u00bb &hellip; Continuer la lecture &rarr;\" \/>\n<meta property=\"og:url\" content=\"https:\/\/www.oeuvrequiparle.com\/decouverte\/?page_id=717\" \/>\n<meta property=\"og:site_name\" content=\"L&#039;Encyclop\u00e9die sonore des Arts Visuels\" \/>\n<meta name=\"twitter:card\" content=\"summary_large_image\" \/>\n<script type=\"application\/ld+json\" class=\"yoast-schema-graph\">{\"@context\":\"https:\/\/schema.org\",\"@graph\":[{\"@type\":\"WebPage\",\"@id\":\"https:\/\/www.oeuvrequiparle.com\/decouverte\/?page_id=717\",\"url\":\"https:\/\/www.oeuvrequiparle.com\/decouverte\/?page_id=717\",\"name\":\"A290 : Figural imaginaire, Visionnaire, m\u00e9diumnique, fantasmatique - L&#039;Encyclop\u00e9die sonore des Arts Visuels\",\"isPartOf\":{\"@id\":\"https:\/\/www.oeuvrequiparle.com\/decouverte\/#website\"},\"datePublished\":\"2015-09-10T19:00:56+00:00\",\"dateModified\":\"2015-09-10T19:00:56+00:00\",\"breadcrumb\":{\"@id\":\"https:\/\/www.oeuvrequiparle.com\/decouverte\/?page_id=717#breadcrumb\"},\"inLanguage\":\"fr-FR\",\"potentialAction\":[{\"@type\":\"ReadAction\",\"target\":[\"https:\/\/www.oeuvrequiparle.com\/decouverte\/?page_id=717\"]}]},{\"@type\":\"BreadcrumbList\",\"@id\":\"https:\/\/www.oeuvrequiparle.com\/decouverte\/?page_id=717#breadcrumb\",\"itemListElement\":[{\"@type\":\"ListItem\",\"position\":1,\"name\":\"Home\",\"item\":\"https:\/\/www.oeuvrequiparle.com\/decouverte\/\"},{\"@type\":\"ListItem\",\"position\":2,\"name\":\"A290 : Figural imaginaire, Visionnaire, m\u00e9diumnique, fantasmatique\"}]},{\"@type\":\"WebSite\",\"@id\":\"https:\/\/www.oeuvrequiparle.com\/decouverte\/#website\",\"url\":\"https:\/\/www.oeuvrequiparle.com\/decouverte\/\",\"name\":\"L&#039;Encyclop\u00e9die sonore des Arts Visuels\",\"description\":\"Par Active-Art\",\"potentialAction\":[{\"@type\":\"SearchAction\",\"target\":{\"@type\":\"EntryPoint\",\"urlTemplate\":\"https:\/\/www.oeuvrequiparle.com\/decouverte\/?s={search_term_string}\"},\"query-input\":\"required name=search_term_string\"}],\"inLanguage\":\"fr-FR\"}]}<\/script>\n<!-- \/ Yoast SEO plugin. -->","yoast_head_json":{"title":"A290 : Figural imaginaire, Visionnaire, m\u00e9diumnique, fantasmatique - L&#039;Encyclop\u00e9die sonore des Arts Visuels","robots":{"index":"index","follow":"follow","max-snippet":"max-snippet:-1","max-image-preview":"max-image-preview:large","max-video-preview":"max-video-preview:-1"},"canonical":"https:\/\/www.oeuvrequiparle.com\/decouverte\/?page_id=717","og_locale":"fr_FR","og_type":"article","og_title":"A290 : Figural imaginaire, Visionnaire, m\u00e9diumnique, fantasmatique - L&#039;Encyclop\u00e9die sonore des Arts Visuels","og_description":"A290 : Figural imaginaire, Visionnaire, m\u00e9diumnique, fantasmatique \u00a0 \u00a0. \u00a0 les monstres ou les cr\u00e9atures du sommeil se concr\u00e9tisent dans un formalisme plus r\u00e9aliste qu\u2019en A280 (Matta, Max Ernst, Gustave Moreau, Paul Delvaux, Dado, Vito Tangiani, \u2026 ou les \u00ab\u00a0Fictionnistes\u00a0\u00bb &hellip; Continuer la lecture &rarr;","og_url":"https:\/\/www.oeuvrequiparle.com\/decouverte\/?page_id=717","og_site_name":"L&#039;Encyclop\u00e9die sonore des Arts Visuels","twitter_card":"summary_large_image","schema":{"@context":"https:\/\/schema.org","@graph":[{"@type":"WebPage","@id":"https:\/\/www.oeuvrequiparle.com\/decouverte\/?page_id=717","url":"https:\/\/www.oeuvrequiparle.com\/decouverte\/?page_id=717","name":"A290 : Figural imaginaire, Visionnaire, m\u00e9diumnique, fantasmatique - L&#039;Encyclop\u00e9die sonore des Arts Visuels","isPartOf":{"@id":"https:\/\/www.oeuvrequiparle.com\/decouverte\/#website"},"datePublished":"2015-09-10T19:00:56+00:00","dateModified":"2015-09-10T19:00:56+00:00","breadcrumb":{"@id":"https:\/\/www.oeuvrequiparle.com\/decouverte\/?page_id=717#breadcrumb"},"inLanguage":"fr-FR","potentialAction":[{"@type":"ReadAction","target":["https:\/\/www.oeuvrequiparle.com\/decouverte\/?page_id=717"]}]},{"@type":"BreadcrumbList","@id":"https:\/\/www.oeuvrequiparle.com\/decouverte\/?page_id=717#breadcrumb","itemListElement":[{"@type":"ListItem","position":1,"name":"Home","item":"https:\/\/www.oeuvrequiparle.com\/decouverte\/"},{"@type":"ListItem","position":2,"name":"A290 : Figural imaginaire, Visionnaire, m\u00e9diumnique, fantasmatique"}]},{"@type":"WebSite","@id":"https:\/\/www.oeuvrequiparle.com\/decouverte\/#website","url":"https:\/\/www.oeuvrequiparle.com\/decouverte\/","name":"L&#039;Encyclop\u00e9die sonore des Arts Visuels","description":"Par Active-Art","potentialAction":[{"@type":"SearchAction","target":{"@type":"EntryPoint","urlTemplate":"https:\/\/www.oeuvrequiparle.com\/decouverte\/?s={search_term_string}"},"query-input":"required name=search_term_string"}],"inLanguage":"fr-FR"}]}},"_links":{"self":[{"href":"https:\/\/www.oeuvrequiparle.com\/decouverte\/index.php?rest_route=\/wp\/v2\/pages\/717"}],"collection":[{"href":"https:\/\/www.oeuvrequiparle.com\/decouverte\/index.php?rest_route=\/wp\/v2\/pages"}],"about":[{"href":"https:\/\/www.oeuvrequiparle.com\/decouverte\/index.php?rest_route=\/wp\/v2\/types\/page"}],"author":[{"embeddable":true,"href":"https:\/\/www.oeuvrequiparle.com\/decouverte\/index.php?rest_route=\/wp\/v2\/users\/1"}],"replies":[{"embeddable":true,"href":"https:\/\/www.oeuvrequiparle.com\/decouverte\/index.php?rest_route=%2Fwp%2Fv2%2Fcomments&post=717"}],"version-history":[{"count":1,"href":"https:\/\/www.oeuvrequiparle.com\/decouverte\/index.php?rest_route=\/wp\/v2\/pages\/717\/revisions"}],"predecessor-version":[{"id":718,"href":"https:\/\/www.oeuvrequiparle.com\/decouverte\/index.php?rest_route=\/wp\/v2\/pages\/717\/revisions\/718"}],"wp:attachment":[{"href":"https:\/\/www.oeuvrequiparle.com\/decouverte\/index.php?rest_route=%2Fwp%2Fv2%2Fmedia&parent=717"}],"curies":[{"name":"wp","href":"https:\/\/api.w.org\/{rel}","templated":true}]}}

A290 : Figural imaginaire, Visionnaire, médiumnique, fantasmatique

<h3><strong>A290 : Figural imaginaire, Visionnaire, médiumnique, fantasmatique</strong></h3>
<h3><strong><span style="color: #ffffff;">   .  </span></strong></h3>

<!-- iframe plugin v.4.8 wordpress.org/plugins/iframe/ -->
<iframe loading="lazy" width="690" height="230" src="https://www.oeuvrequiparle.com/VA0290" scrolling="yes" class="iframe-class" frameborder="0"></iframe>

<p>les monstres ou les créatures du sommeil se concrétisent dans un formalisme plus réaliste qu’en A280 (Matta, Max Ernst, Gustave Moreau, Paul Delvaux, Dado, Vito Tangiani, … ou les « Fictionnistes » récents ; Marko Mori, …) par Lauranne Corneau.</p>

<p>A290 : Figural imaginaire, Visionnaire, médiumnique, fantasmatique    .   les monstres ou les créatures du sommeil se concrétisent dans un formalisme plus réaliste qu’en A280 (Matta, Max Ernst, Gustave Moreau, Paul Delvaux, Dado, Vito Tangiani, … ou les « Fictionnistes » &hellip; <a href="https://www.oeuvrequiparle.com/decouverte/?page_id=717">Continuer la lecture <span class="meta-nav">&rarr;</span></a></p>

<!-- This site is optimized with the Yoast SEO plugin v21.5 - https://yoast.com/wordpress/plugins/seo/ -->
<title>A290 : Figural imaginaire, Visionnaire, médiumnique, fantasmatique - L&#039;Encyclopédie sonore des Arts Visuels</title>
<meta name="robots" content="index, follow, max-snippet:-1, max-image-preview:large, max-video-preview:-1" />
<link rel="canonical" href="https://www.oeuvrequiparle.com/decouverte/?page_id=717" />
<meta property="og:locale" content="fr_FR" />
<meta property="og:type" content="article" />
<meta property="og:title" content="A290 : Figural imaginaire, Visionnaire, médiumnique, fantasmatique - L&#039;Encyclopédie sonore des Arts Visuels" />
<meta property="og:description" content="A290 : Figural imaginaire, Visionnaire, médiumnique, fantasmatique    .   les monstres ou les créatures du sommeil se concrétisent dans un formalisme plus réaliste qu’en A280 (Matta, Max Ernst, Gustave Moreau, Paul Delvaux, Dado, Vito Tangiani, … ou les « Fictionnistes » &hellip; Continuer la lecture &rarr;" />
<meta property="og:url" content="https://www.oeuvrequiparle.com/decouverte/?page_id=717" />
<meta property="og:site_name" content="L&#039;Encyclopédie sonore des Arts Visuels" />
<meta name="twitter:card" content="summary_large_image" />
<script type="application/ld+json" class="yoast-schema-graph">{"@context":"https://schema.org","@graph":[{"@type":"WebPage","@id":"https://www.oeuvrequiparle.com/decouverte/?page_id=717","url":"https://www.oeuvrequiparle.com/decouverte/?page_id=717","name":"A290 : Figural imaginaire, Visionnaire, médiumnique, fantasmatique - L&#039;Encyclopédie sonore des Arts Visuels","isPartOf":{"@id":"https://www.oeuvrequiparle.com/decouverte/#website"},"datePublished":"2015-09-10T19:00:56+00:00","dateModified":"2015-09-10T19:00:56+00:00","breadcrumb":{"@id":"https://www.oeuvrequiparle.com/decouverte/?page_id=717#breadcrumb"},"inLanguage":"fr-FR","potentialAction":[{"@type":"ReadAction","target":["https://www.oeuvrequiparle.com/decouverte/?page_id=717"]}]},{"@type":"BreadcrumbList","@id":"https://www.oeuvrequiparle.com/decouverte/?page_id=717#breadcrumb","itemListElement":[{"@type":"ListItem","position":1,"name":"Home","item":"https://www.oeuvrequiparle.com/decouverte/"},{"@type":"ListItem","position":2,"name":"A290 : Figural imaginaire, Visionnaire, médiumnique, fantasmatique"}]},{"@type":"WebSite","@id":"https://www.oeuvrequiparle.com/decouverte/#website","url":"https://www.oeuvrequiparle.com/decouverte/","name":"L&#039;Encyclopédie sonore des Arts Visuels","description":"Par Active-Art","potentialAction":[{"@type":"SearchAction","target":{"@type":"EntryPoint","urlTemplate":"https://www.oeuvrequiparle.com/decouverte/?s={search_term_string}"},"query-input":"required name=search_term_string"}],"inLanguage":"fr-FR"}]}</script>
<!-- / Yoast SEO plugin. -->

A290 : Figural imaginaire, Visionnaire, médiumnique, fantasmatique - L&#039;Encyclopédie sonore des Arts Visuels

A290 : Figural imaginaire, Visionnaire, médiumnique, fantasmatique    .   les monstres ou les créatures du sommeil se concrétisent dans un formalisme plus réaliste qu’en A280 (Matta, Max Ernst, Gustave Moreau, Paul Delvaux, Dado, Vito Tangiani, … ou les « Fictionnistes » &hellip; Continuer la lecture &rarr;

L&#039;Encyclopédie sonore des Arts Visuels
